69?
False
Does 9 divide 1026?
True
Is 7 a factor of 11613?
True
Is 1067 a multiple of 11?
True
Does 6 divide 37?
False
Is 650 a multiple of 41?
False
Is 6600 a multiple of 25?
True
Does 9 divide 1386?
True
Is 846 a multiple of 84?
False
Does 20 divide 298?
False
Is 2 a factor of 1851?
False
Does 3 divide 633?
True
Is 161 a multiple of 23?
True
Does 4 divide 18871?
False
Is 2 a factor of 234?
True
Is 173 a factor of 14878?
True
Is 6768 a multiple of 52?
False
Is 2921 a multiple of 91?
False
Is 8837 a multiple of 10?
False
Is 1220 a multiple of 10?
True
Does 58 divide 5162?
True
Does 11 divide 67234?
False
Is 85 a factor of 6126?
False
Is 10 a factor of 7499?
False
Does 21 divide 882?
True
Is 106272 a multiple of 246?
True
Is 23920 a multiple of 46?
True
Does 14 divide 17697?
False
Is 6 a factor of 204?
True
Is 59 a factor of 11344?
False
Does 92 divide 1380?
True
Is 30 a factor of 2610?
True
Does 116 divide 5748?
False
Does 68 divide 1020?
True
Is 5989 a multiple of 109?
False
Does 214 divide 8346?
True
Is 169 a factor of 3617?
False
Is 3864 a multiple of 168?
True
Is 5306 a multiple of 11?
False
Is 6 a factor of 134?
False
Is 7722 a multiple of 9?
True
Is 15 a factor of 48?
False
Does 10 divide 1788?
False
Does 16 divide 1033?
False
Does 44 divide 46860?
True
Does 7 divide 22032?
False
Is 3 a factor of 396?
True
Is 10 a factor of 3112?
False
Does 67 divide 2345?
True
Does 76 divide 19000?
True
Is 6688 a multiple of 8?
True
Is 84 a factor of 1802?
False
Does 18 divide 13824?
True
Is 165 a multiple of 2?
False
Does 12 divide 16589?
False
Does 38 divide 1672?
True
Does 15 divide 23840?
False
Is 41 a factor of 20821?
False
Is 18 a factor of 44924?
False
Does 9 divide 5215?
False
Is 25 a factor of 1316?
False
Does 32 divide 2720?
True
Does 24 divide 37357?
False
Is 25116 a multiple of 28?
True
Is 5 a factor of 1999?
False
Is 11 a factor of 3733?
False
Is 4704 a multiple of 53?
False
Is 2998 a multiple of 11?
False
Does 10 divide 1065?
False
Is 71 a factor of 2196?
False
Is 42 a factor of 64330?
False
Is 768 a multiple of 8?
True
Is 490 a multiple of 98?
True
Is 619 a multiple of 55?
False
Is 190 a multiple of 95?
True
Is 38905 a multiple of 73?
False
Does 199 divide 37412?
True
Does 15 divide 5606?
False
Does 22 divide 1395?
False
Is 182 a multiple of 14?
True
Is 1188 a multiple of 44?
True
Is 14 a factor of 288?
False
Is 8 a factor of 1116?
False
Is 4812 a multiple of 12?
True
Is 1196 a multiple of 52?
True
Does 13 divide 1768?
True
Is 45 a factor of 7425?
True
Is 13 a factor of 5707?
True
Does 14 divide 9902?
False
Is 35 a factor of 29015?
True
Does 24 divide 1656?
True
Is 24 a factor of 42489?
False
Does 47 divide 4512?
True
Is 3024 a multiple of 48?
True
Does 3 divide 1185?
True
Is 784 even?
True
Does 15 divide 1560?
True
Does 92 divide 5830?
False
Is 126 a factor of 22680?
True
Is 153 a multiple of 11?
False
Is 33992 a multiple of 28?
True
Does 67 divide 2050?
False
Does 25 divide 8891?
False
Is 6303 a multiple of 10?
False
Is 88 a multiple of 11?
True
Is 23725 a multiple of 13?
True
Is 8 a factor of 12755?
False
Is 34 a factor of 6491?
False
Does 14 divide 61046?
False
Is 7 a factor of 1620?
False
Is 9 a factor of 3263?
False
Is 211 a multiple of 13?
False
Is 12 a factor of 233?
False
Is 3315 a multiple of 2?
False
Is 52 a factor of 18720?
True
Is 78 a factor of 432?
False
Is 223 a factor of 2453?
True
Does 9 divide 788?
False
Is 339 a multiple of 48?
False
Is 12322 a multiple of 20?
False
Is 18 a factor of 3852?
True
Is 2 a factor of 1125?
False
Is 712 a multiple of 8?
True
Is 3817 a multiple of 25?
False
Is 1037 a multiple of 18?
False
Is 32 a factor of 63497?
False
Is 1217 a multiple of 24?
False
Does 11 divide 418?
True
Is 9121 a multiple of 7?
True
Is 14 a factor of 1145?
False
Does 14 divide 648?
False
Is 3008 a multiple of 13?
False
Is 1196 a multiple of 13?
True
Is 12 a factor of 756?
True
Does 4 divide 32?
True
Is 5 a factor of 45?
True
Does 87 divide 8506?
False
Does 11 divide 1100?
True
Is 41 a factor of 17927?
False
Is 8 a factor of 29080?
True
Is 1020 a multiple of 64?
False
Is 97 a multiple of 5?
False
Is 4162 a multiple of 177?
False
Does 129 divide 1672?
False
Does 73 divide 7011?
False
Is 6 a factor of 361?
False
Is 1050 a multiple of 105?
True
Is 60 a factor of 6660?
True
Is 23180 a multiple of 20?
True
Does 124 divide 88908?
True
Is 666 a multiple of 18?
True
Does 72 divide 6696?
True
Is 120 a multiple of 4?
True
Is 47 a factor of 51653?
True
Is 328 a multiple of 6?
False
Is 12 a factor of 18672?
True
Does 9 divide 5751?
True
Is 20586 a multiple of 141?
True
Is 46 a factor of 5980?
True
Is 6 a factor of 140?
False
Is 3248 a multiple of 58?
True
Is 11 a factor of 1155?
True
Is 26 a factor of 2993?
False
Is 44 a multiple of 4?
True
Does 66 divide 12201?
False
Is 880 a multiple of 16?
True
Is 1323 a multiple of 63?
True
Is 6141 a multiple of 113?
False
Is 631 a multiple of 5?
False
Is 1172 a multiple of 15?
False
Does 18 divide 29649?
False
Does 13 divide 8827?
True
Does 334 divide 90291?
False
Does 58 divide 12378?
False
Does 35 divide 630?
True
Is 237 a multiple of 17?
False
Is 1078 a multiple of 8?
False
Is 2242 a multiple of 17?
False
Is 1260 a multiple of 60?
True
Is 17 a factor of 31464?
False
Is 9 a factor of 1225?
False
Is 67 a factor of 51188?
True
Is 131 a factor of 2751?
True
Does 52 divide 32188?
True
Does 12 divide 520?
False
Is 1766 a multiple of 2?
True
Does 204 divide 12871?
False
Does 7 divide 7725?
False
Is 3 a factor of 28?
False
Is 3 a factor of 295?
False
Is 900 a multiple of 12?
True
Is 11 a factor of 15125?
True
Does 2 divide 528?
True
Does 25 divide 9669?
False
Is 1149 even?
False
Is 561 a multiple of 2?
False
Is 7 a factor of 1960?
True
Does 330 divide 114510?
True
Is 65 a multiple of 25?
False
Does 19 divide 29049?
False
Is 7678 a multiple of 22?
True
Does 64 divide 3136?
True
Is 6 a factor of 96?
True
Does 13 divide 130?
True
Is 197 a multiple of 3?
False
Is 26 a factor of 8190?
True
Does 48 divide 452?
False
Is 780 a multiple of 30?
True
Is 95 a multiple of 8?
False
Is 3 a factor of 353?
False
Is 1803 a multiple of 10?
False
Does 67 divide 2010?
True
Does 10 divide 272?
False
Does 10 divide 620?
True
Does 9 divide 6417?
True
Does 9 divide 509?
False
Is 18 a factor of 36234?
True
Does 6 divide 1846?
False
Is 880 a multiple of 55?
True
Does 15 divide 7350?
True
Does 4 divide 952?
True
Does 44 divide 511?
False
Is 55850 a multiple of 29?
False
Is 4 a factor of 330?
False
Is 359 a multiple of 5?
False
Is 1692 a multiple of 237?
False
Does 15 divide 10768?
False
Is 50318 a multiple of 239?
False
Is 16580 a multiple of 20?
True
Does 55 divide 1759?
False
Is 467 a multiple of 57?
False
Is 912 a multiple of 13?
False
Is 21410 a multiple of 10?
True
Is 343 a multiple of 3?
False
Does 22 divide 493?
False
Does 6 divide 18156?
True
Is 14 a factor of 616?
True
Is 14 a factor of 1554?
True
Does 10 divide 710?
True
Is 6972 a multiple of 14?
True
Does 308 divide 23716?
True
Does 56 divide 31920?
True
Is 19 a factor of 2470?
True
Is 14768 a multiple of 71?
True
Is 20 a factor of 59680?
True
Is 71 a factor of 1420?
True
Is 324 a multiple of 54?
True
Is 5880 a multiple of 8?
True
Is 4381 a multiple of 155?
False
Is 108 a factor of 58519?
False
Is 2532 a multiple of 14?
False
Does 128 divide 14550?
False
Is 58268 a multiple of 14?
True
Is 66 a factor of 706?
False
Is 40 a multiple of 4?
True
Is 10 a factor of 1564?
False
Is 3743 a multiple of 36?
False
Is 1087 a multiple of 6?
False
Is 9 a factor of 140?
False
Is 7848 a multiple of 9?
True
Is 506 a multiple of 46?
True
Is 10373 a multiple of 23?
True
Is 74274 a multiple of 6?
True
Is 104 a factor of 60563?
False
Is 79 a factor of 553?
True
Does 13 divide 49075?
True
Is 48 a factor of 45152?
False
Is 24 a factor of 8707?
False
Is 45 a factor of 39105?
True
Does 41 divide 15170?
True
Is 11 a factor of 56436?
False
Is 26 a factor of 182?
True
Is 12 a factor of 312?
True
Does 42 divide 246?
False
Is 75 a factor of 360?
False
Is 45 a factor of 819?
False
Is 22 a factor of 770?
True
Is 1533 a multiple of 57?
False
Is 9 a factor of 720?
True
Is 1726 a multiple of 16?
False
Is 18 a factor of 19503?
False
Is 70643 a multiple of 240?
False
Is 12374 a multiple of 23?
True
I